{"id":2,"date":"2025-10-23T17:59:30","date_gmt":"2025-10-23T15:59:30","guid":{"rendered":"http:\/\/betterthansilence.de\/radio\/?page_id=2"},"modified":"2026-04-03T10:21:21","modified_gmt":"2026-04-03T08:21:21","slug":"sample-page","status":"publish","type":"page","link":"https:\/\/betterthansilence.de\/radio\/sample-page\/","title":{"rendered":"BETTER THAN SILENCE"},"content":{"rendered":"\n<p>Das neue Radioformat <strong>BETTER THAN SILENCE<\/strong> &#8211; euer Radio f\u00fcr alles zwischen Pop und Metal: Punk &#8211; Hardcore &#8211; Indie &#8211; DIY und Subkultur.<\/p>\n\n\n\n<p>Wir hoffen auf viele H\u00f6rer, um unsere Begeisterung f\u00fcr &#8222;unsere&#8220; und &#8222;eure&#8220; Musik und die Szene drumherum weitergeben zu k\u00f6nnen.<\/p>\n\n\n\n<p>Wir &#8211; das sind Benjamin, Dirk und Sven. Wir wagen einfach mal den Sprung ins Radioformat.<\/p>\n\n\n\n<p>Ab 11. November 2025 bieten wir euch darum <strong>alle zwei Wochen<\/strong> eine Stunde Musik &amp; Infos &amp; Interviews &amp; &#8230; das alles auf <\/p>\n\n\n\n<p><strong>Okerwelle &#8211; immer dienstags 22.00 Uhr!<\/strong><\/p>\n\n\n<div class=\"wp-block-image is-style-rounded wp-duotone-unset-1\">\n<figure class=\"aligncenter size-full is-resized\"><img loading=\"lazy\" decoding=\"async\" width=\"480\" height=\"720\" src=\"https:\/\/betterthansilence.de\/radio\/wp-content\/uploads\/2025\/10\/radio-e1761306922446.png\" alt=\"\" class=\"wp-image-149\" style=\"width:283px;height:auto\"\/><\/figure>\n<\/div>\n\n\n<p><strong>Nachh\u00f6ren kann man unsere Sendungen immer komplett auf <a href=\"https:\/\/betterthansilence.de\/radio\/nachhoeren\/\" data-type=\"link\" data-id=\"https:\/\/betterthansilence.de\/radio\/nachhoeren\/\">MIXCLOUD<\/a> &#8211; wer nur Musik h\u00f6ren will findet die <a href=\"https:\/\/betterthansilence.de\/radio\/playlists\/\" data-type=\"link\" data-id=\"https:\/\/betterthansilence.de\/radio\/playlists\/\">Playlisten<\/a> auf DEEZER.<\/strong><\/p>\n","protected":false},"excerpt":{"rendered":"<p>Das neue Radioformat BETTER THAN SILENCE &#8211; euer Radio f\u00fcr alles zwischen Pop und Metal: Punk &#8211; Hardcore &#8211; Indie &#8211; DIY und Subkultur. Wir hoffen auf viele H\u00f6rer, um unsere Begeisterung f\u00fcr &#8222;unsere&#8220; und &#8222;eure&#8220; Musik und die Szene drumherum weitergeben zu k\u00f6nnen. Wir &#8211; das sind Benjamin, Dirk und Sven. Wir wagen einfach mal den Sprung ins Radioformat. Ab 11. November 2025 bieten wir euch darum alle zwei Wochen eine Stunde Musik &amp; Infos &amp; Interviews &amp; &#8230; das alles auf Okerwelle &#8211; immer dienstags 22.00 Uhr! Nachh\u00f6ren kann man unsere Sendungen immer komplett auf MIXCLOUD &#8211; wer nur Musik h\u00f6ren will findet die Playlisten auf DEEZER.<\/p>\n","protected":false},"author":2,"featured_media":0,"parent":0,"menu_order":0,"comment_status":"closed","ping_status":"open","template":"","meta":{"footnotes":""},"class_list":["post-2","page","type-page","status-publish","hentry"],"_links":{"self":[{"href":"https:\/\/betterthansilence.de\/radio\/wp-json\/wp\/v2\/pages\/2","targetHints":{"allow":["GET"]}}],"collection":[{"href":"https:\/\/betterthansilence.de\/radio\/wp-json\/wp\/v2\/pages"}],"about":[{"href":"https:\/\/betterthansilence.de\/radio\/wp-json\/wp\/v2\/types\/page"}],"author":[{"embeddable":true,"href":"https:\/\/betterthansilence.de\/radio\/wp-json\/wp\/v2\/users\/2"}],"replies":[{"embeddable":true,"href":"https:\/\/betterthansilence.de\/radio\/wp-json\/wp\/v2\/comments?post=2"}],"version-history":[{"count":10,"href":"https:\/\/betterthansilence.de\/radio\/wp-json\/wp\/v2\/pages\/2\/revisions"}],"predecessor-version":[{"id":919,"href":"https:\/\/betterthansilence.de\/radio\/wp-json\/wp\/v2\/pages\/2\/revisions\/919"}],"wp:attachment":[{"href":"https:\/\/betterthansilence.de\/radio\/wp-json\/wp\/v2\/media?parent=2"}],"curies":[{"name":"wp","href":"https:\/\/api.w.org\/{rel}","templated":true}]}}

<p>Das neue Radioformat <strong>BETTER THAN SILENCE</strong> &#8211; euer Radio für alles zwischen Pop und Metal: Punk &#8211; Hardcore &#8211; Indie &#8211; DIY und Subkultur.</p>



<p>Wir hoffen auf viele Hörer, um unsere Begeisterung für &#8222;unsere&#8220; und &#8222;eure&#8220; Musik und die Szene drumherum weitergeben zu können.</p>



<p>Wir &#8211; das sind Benjamin, Dirk und Sven. Wir wagen einfach mal den Sprung ins Radioformat.</p>



<p>Ab 11. November 2025 bieten wir euch darum <strong>alle zwei Wochen</strong> eine Stunde Musik &amp; Infos &amp; Interviews &amp; &#8230; das alles auf </p>



<p><strong>Okerwelle &#8211; immer dienstags 22.00 Uhr!</strong></p>


<div class="wp-block-image is-style-rounded wp-duotone-unset-1">
<figure class="aligncenter size-full is-resized"><img loading="lazy" decoding="async" width="480" height="720" src="https://betterthansilence.de/radio/wp-content/uploads/2025/10/radio-e1761306922446.png" alt="" class="wp-image-149" style="width:283px;height:auto"/></figure>
</div>


<p><strong>Nachhören kann man unsere Sendungen immer komplett auf <a href="https://betterthansilence.de/radio/nachhoeren/" data-type="link" data-id="https://betterthansilence.de/radio/nachhoeren/">MIXCLOUD</a> &#8211; wer nur Musik hören will findet die <a href="https://betterthansilence.de/radio/playlists/" data-type="link" data-id="https://betterthansilence.de/radio/playlists/">Playlisten</a> auf DEEZER.</strong></p>

<p>Das neue Radioformat BETTER THAN SILENCE &#8211; euer Radio für alles zwischen Pop und Metal: Punk &#8211; Hardcore &#8211; Indie &#8211; DIY und Subkultur. Wir hoffen auf viele Hörer, um unsere Begeisterung für &#8222;unsere&#8220; und &#8222;eure&#8220; Musik und die Szene drumherum weitergeben zu können. Wir &#8211; das sind Benjamin, Dirk und Sven. Wir wagen einfach mal den Sprung ins Radioformat. Ab 11. November 2025 bieten wir euch darum alle zwei Wochen eine Stunde Musik &amp; Infos &amp; Interviews &amp; &#8230; das alles auf Okerwelle &#8211; immer dienstags 22.00 Uhr! Nachhören kann man unsere Sendungen immer komplett auf MIXCLOUD &#8211; wer nur Musik hören will findet die Playlisten auf DEEZER.</p>
